ine j(k).
-6
Let b(w) = w**2 + 9*w - 10. Let x(o) = o. Let m(k) = b(k) - 5*x(k). Give m(-7).
11
Let s(m) = 4*m + 1. Let g(b) = -4*b - 2. Let o(u) = 2*g(u) + 3*s(u). Let y(i) = 16*i + 67. Let z be y(-4). Calculate o(z).
11
Let b = 8 + -14. Let a(o) = -o - 3. What is a(b)?
3
Let v = 8 - 7. Let m(d) = 9 + v + d - 4*d. Let n(t) = 2*t - 7. Let u(h) = -5*m(h) - 8*n(h). Calculate u(5).
1
Let l(v) = -v**2 - 3*v + 1. Suppose -k + 2*p = k + 36, 3*p = -15. Let h = k - -43. Suppose 0 + h = -5*r. Give l(r).
-3
Let y be (-2)/(-5) - 36/(-10). Let k(m) = -3*m**2 - 2*m. Let h(d) = d**2 - d. Let n(w) = y*h(w) + k(w). Determine n(3).
-9
Let c(z) = 4*z**3 + z - 1. Let x(h) = -h**2 + 6*h - 2. Let q = -7 + 12. Let n be x(q). Suppose -n*d = -0*d - 3. Determine c(d).
4
Let y(b) = 6*b**2 + 10*b + 6. Let p(c) = 7*c**2 + 11*c + 6. Let x(k) = 5*p(k) - 6*y(k). Let w = -38 - -33. What is x(w)?
-6
Suppose 8*c - 10 = 3*c. Let a(h) = -h**2 - 3*h + 3. Calculate a(c).
-7
Let c be (5 - 3) + -2 + 4. Suppose -2*z + c = -6. Let r(n) = -n**2 + 6*n - 2. Give r(z).
3
Let o(y) = -y**3 + y**2 + 2*y - 3. Let q(n) = -n**3 + 3*n - 2. Let j(k) = -5*o(k) + 6*q(k). Determine j(-6).
-9
Let r = -3 - -10. Let w(o) = o**2 - 8*o + 10. Let n be w(r). Suppose -n*m - 8 = 4. Let x(c) = c**3 + 5*c**2 + 5*c + 6. What is x(m)?
2
Let d(y) = y**3 + 7*y**2 + 4*y - 7. Suppose 5*m - 5 = -5*b + 30, 4*m = 4*b + 12. Suppose -2*t - b*t - 24 = 0. Determine d(t).
5
Let q(a) = 16*a + 2 + a - 5 - 14*a. Let l be (-1)/((-2)/(-2 + 6)). Let j = l - 0. Give q(j).
3
Suppose -2*q + 154 = 5*v, -v + 3*v - 5*q = 50. Let d be (4/(-6))/((-4)/v). Let g(x) = 6*x + 1. Let l(r) = 12*r + 2. Let p(m) = d*g(m) - 3*l(m). Calculate p(1).
-7
Let n(s) = -s + 4. Let a(v) = -v + 15. Let u be a(15). Determine n(u).
4
Let l(s) = s**2 - 7*s - 5. Let a be (-30)/(-4) - (-1)/(-2). Determine l(a).
-5
Let c(n) = 7*n**3 - 5*n**2 + 7. Let q(f) = -10*f**3 + 8*f**2 - 11. Let p(z) = -8*c(z) - 5*q(z). Let h = -49 - -48. Give p(h).
5
Let q = 0 - -2. Let y(h) = 3*h + h + h - 3. Determine y(q).
7
Let s(j) = -11*j**2 + j. Let w be 3*(0 + -1)/(2 + 1). What is s(w)?
-12
Let v be ((-1442)/(-360) - 4)/(2/3). Let r(w) be the third derivative of v*w**6 + 0 + 1/6*w**3 + 3*w**2 + 0*w - 1/24*w**4 + 1/30*w**5. Determine r(-3).
-5
Let p = 2 + 3. Let o(r) be the first derivative of r**2/2 - 10*r - 3. What is o(p)?
-5
Suppose 7*a - 6 = 50. Let y(l) = l**3 - 8*l**2 - 3*l + 12. Give y(a).
-12
Let m = 5 + -9. Let d be -6*(-1)/(m/(-2)). Suppose -3*k + 0 = d. Let q(n) = -3*n**3 - n**2. Give q(k).
2
Let p(n) = 5*n - 106*n**2 - 2*n - n + 105*n**2 + 4. What is p(3)?
1
Let k(q) = -3*q + q**2 + 6 - 7*q + 13*q. Calculate k(-4).
10
Let q(g) = -5*g + 2. Suppose -5*f = -2*b + 8, 4*b - 3*f - f - 16 = 0. What is q(b)?
-18
Let l = -2 - -6. Suppose -l*v - 4*o - 28 = 0, -27 = 5*v + 2*o + 2. Let m(w) = 6*w - 7. Let c(s) = 5*s - 6. Let j(d) = v*c(d) + 4*m(d). Determine j(-5).
7
Suppose 3*b - 12 = -b. Let n(v) = -3*v**2 - 9*v + 4. Let i(s) = 8*s**2 + 26*s - 12. Let c(o) = 4*i(o) + 11*n(o). Determine c(b).
2
Let f(m) = 2*m**3 + 2*m**2 - 2*m + 1. Suppose -5*k = -10, -2*k - 1 + 7 = 2*a. Determine f(a).
3
Suppose -13*k + 125 = -31. Let z(l) = l - 6. Give z(k).
6
Let u(v) = -v + 6*v**2 + 9 - v**3 + 2*v - 5*v**2. Give u(0).
9
Let l(s) be the third derivative of s**5/60 + s**4/24 - s**3/6 + 4*s**2. Calculate l(1).
1
Let b(l) be the second derivative of -l**3/6 + l**2/2 + 7*l. Calculate b(-6).
7
Let o(y) = 5*y - 5 + y**2 + 5 + 0*y - 7. Suppose -5 = 4*k - 5*w + 4, 4*w = 2*k. Determine o(k).
-1
Let y(d) = -2*d - 7. Let t(o) = -4*o**2 - 2*o + 1. Suppose 3 = 5*a - 2. Let f be t(a). Determine y(f).
3
Suppose -4*o = 3*n + o - 8, 4*n - o = -20. Let q(t) = -t - 7. Let j be q(n). Let k(l) = -l**2 - 4*l + 3. What is k(j)?
6
Let c(d) = -d + 3. Let a = 27 + -22. Determine c(a).
-2
Let x(a) be the third derivative of 0*a - 2*a**2 - 1/2*a**3 - 1/60*a**5 + 0 - 1/3*a**4. Let b be x(-7). Let t(z) = -z + 4. Give t(b).
0
Let c(g) = 5 - 2 - 316*g + 315*g. Let i(u) be the second derivative of -u**5/20 + u**4/6 - u**3/3 + u. Let t be i(2). Determine c(t).
7
Let g(n) be the first derivative of n**4/4 - 2*n**3/3 - 3*n**2/2 + n + 3. Let r(c) = c**3 - 3*c**2 - 4*c + 1. Let q(u) = 5*g(u) - 4*r(u). Calculate q(-2).
-1
Let b = 102 + -103. Let u(f) = -9*f**2 + 7*f + 2. Let r(p) = -5*p**2 + 4*p + 1. Let j(s) = -7*r(s) + 4*u(s). What is j(b)?
0
Let o(s) = s**3 + 2*s**2 - 1. Let r be o(1). Let l(v) = -4 + 5*v + 1 + 0 + v**r. Calculate l(-4).
-7
Let p(q) be the third derivative of q**6/120 + q**5/60 - q**4/24 + q**2. Suppose -4*b = -2*z - 6, -5*b + b = 2*z - 10. What is p(z)?
1
Let p(d) = -d**3 + 4*d - 16. Let v be p(-3). Let f(h) = h**2 - 1 - 3*h**3 + h + 0*h + 2. What is f(v)?
4
Let l(q) = -q**3 - 5*q**2 - 2*q + 5. Suppose -1 = m + 4. Let f be m + 1 + -11 + 11. Give l(f).
-3
Let g(s) = -7 + 2*s**3 - s**2 - s**3 + 6. Let z(f) = 3*f**3 - 3*f**2 + f - 1. Let q(x) = -2*g(x) + z(x). Suppose 9 - 1 = 4*l. Determine q(l).
7
Let t(z) = -11*z**3 - 4*z**2 + 4*z**3 - 2*z**2 + 8*z**3 - 8*z. Determine t(7).
-7
Let p(z) = -z**2 + 5*z + 1. Let x = -14 - -21. Suppose 3*s - 5*l = 6 + x, -s + 5 = -2*l. Let q = s - -5. What is p(q)?
-5
Let w(x) = x**3 - x**2 + x + 4. Let n be w(0). Let o(k) be the third derivative of -k**6/120 + k**5/12 - k**4/4 + k**3/2 - k**2. Determine o(n).
-5
Let t(v) = -7*v**2 + 3 - 2 + 8*v**2 - 7*v. Calculate t(6).
-5
Let x(z) be the first derivative of 3*z**2/2 + z + 3. Let p = 2 + -1. What is x(p)?
4
Let i(d) be the second derivative of -d**6/360 - d**5/24 - 5*d**4/24 - 4*d**3/3 + 2*d. Let p(k) be the second derivative of i(k). Calculate p(-6).
-11
Let v(r) = -3 + 3 - 2 + 6*r. Let d be ((-18)/45)/(2/(-10)). Give v(d).
10
Let f be (-3 - (-3 + -2))*-2. Let a(r) = r**3 + 3*r**2 - 2*r + 3. Determine a(f).
-5
Suppose -16 + 4 = -3*s. Suppose 0*j - j - s = 0. Let z(n) = -4*n + 2. Let a(y) = -9*y + 4. Let t(k) = -3*a(k) + 7*z(k). Calculate t(j).
6
Let o(l) be the first derivative of l**3/3 - 2*l**2 + 2*l + 1. Let j = 7 - 3. Let a be o(j). Let r(m) = m - 2. Give r(a).
0
Suppose 2*i - 2 - 2 = -j, 2*i = 4*j - 26. Let k(r) = -2*r**2 - 7*r - 7. Let n(b) = b**2 + 6*b + 6. Let h(q) = 2*k(q) + 3*n(q). Calculate h(j).
-8
Let n(f) be the first derivative of f**4/4 + 10*f**3/3 - 3*f**2/2 - 15*f + 15. Calculate n(-10).
15
Suppose 0*i = -4*i + 20. Suppose -4*r + i = -d + 2, 0 = 3*d - 3*r - 9. Let t(n) = 3*n + 19. Let b(k) = 2*k + 10. Let s(p) = -7*b(p) + 4*t(p). What is s(d)?
-4
Let h(v) be the third derivative of -v**4/24 - 3*v**3/2 + 6*v**2. Let i be h(-6). Let y(g) = g**2 + 6*g + 4. Calculate y(i).
-5
Let p(y) = -y**3 - 5*y**2 - 3*y + 5. Let r = 7 + -1. Suppose 3*s + 6 = 0, 3*s + 4 = -d - r. Calculate p(d).
1
Let o(c) = c. Let r be o(3). Let n(w) = -w**2 + 2*w + 4. Give n(r).
1
Let y(q) = -q**2 - 4*q - 1. Let z be y(-3). Suppose z*m - 20 = 5*p + 12, 0 = -m + 1. Let b(r) be the third derivative of r**4/24 + 2*r**3/3 - 2*r**2. Give b(p).
-2
Let u(y) = -y**3 - 2*y**2 + 2*y - 3. Let o = -66 - -63. What is u(o)?
0
Let r(l) = l**2 - 5*l - 4. Let w(z) = z**3 + 6*z**2 - 8*z - 2. Let g be w(-7). Determine r(g).
-4
Let o(c) = -c + 6. Let r(b) = -b**3 - b**2 + b + 1. Let m(j) = 8*j**2 - 3*j + 8. Let g(f) = -m(f) - r(f). Let z be g(7). Give o(z).
1
Let x(w) be the first derivative of 5*w**4/2 + 2*w**3/3 + w**2 + w - 1. Let z = 1 - 2. Calculate x(z).
-9
Let y(l) = 9*l**2 - l. Let p(u) = 5*u**2 - 6*u - 6. Let a(s) = -9*s**2 + 11*s + 11. Let j(t) = 6*a(t) + 11*p(t). Let o(m) = -j(m) + y(m). Determine o(1).
7
Let b(g) = -4 - 3*g + 9*g + 7. Let n be (-3 - 1)*5/10. Determine b(n).
-9
Let l(c) be the third derivative of c**8/20160 - c**7/1008 + c**6/180 + c**5/20 + 2*c**2. Let v(r) be the third derivative of l(r). What is v(4)?
0
Let m = -4 + 7. Let p(h) = 6 - 1 + m*h - 6*h - 2. Let g be 0 + 1 - (-3 + 2). Determine p(g).
-3
Let g(l) be the second derivative of l**3/6 + 3*l**2 + 21*l. Let x be (10/(-6))/((-1)/(-3)). Determine g(x).
1
Let y(q) = q**3 + 4*q**2 + 2*q + 5. Let a be 1/7 + 97/7. Suppose 2*t + 45 = -3*t - 5*n, -t - 2*n - a = 0. Determine y(t).
-3
Let l be (2 + -2)/1 - (-3 - -1). Let s(o) = o**3 - 3*o**2 + 3*o - 3. Determine s(l).
-1
Let p(t) = -3*t - 6. Let j(d) = 1. Let w(z) = -5*j(z) - p(z). Give w(-4).
-11
Let k(j) = 1 - 4*j + 0 + 0*j + 5*j. Let 